 base 6
-240
-111 (base 7) to base 15
-3c
Convert -8 (base 15) to base 7.
-11
Convert 10 (base 3) to base 8.
3
What is 33 (base 6) in base 13?
18
-2 (base 16) to base 8
-2
115 (base 8) to base 9
85
Convert 5 (base 11) to base 15.
5
Convert -10 (base 11) to base 9.
-12
b (base 12) to base 9
12
Convert -2 (base 12) to base 4.
-2
What is -50 (base 14) in base 11?
-64
Convert 102 (base 3) to base 14.
b
Convert -10 (base 2) to base 6.
-2
What is 9 (base 11) in base 12?
9
What is -2123 (base 4) in base 12?
-10b
What is 21 (base 3) in base 14?
7
-3 (base 12) to base 6
-3
Convert 50 (base 8) to base 5.
130
What is 101001 (base 2) in base 9?
45
Convert -12 (base 9) to base 6.
-15
Convert 10 (base 5) to base 16.
5
-2 (base 7) to base 16
-2
16 (base 8) to base 6
22
What is 38 (base 9) in base 2?
100011
Convert 62 (base 10) to base 3.
2022
12 (base 6) to base 5
13
Convert -20 (base 9) to base 3.
-200
Convert 6 (base 15) to base 11.
6
What is -8 (base 9) in base 7?
-11
7 (base 11) to base 14
7
-1b (base 12) to base 5
-43
What is -202 (base 6) in base 9?
-82
What is -2 (base 4) in base 12?
-2
-3 (base 6) to base 2
-11
Convert 12 (base 6) to base 3.
22
Convert -3 (base 11) to base 10.
-3
What is -12 (base 6) in base 2?
-1000
What is -1 (base 15) in base 13?
-1
-129 (base 11) to base 12
-108
What is 2 (base 9) in base 8?
2
Convert 3 (base 4) to base 9.
3
What is 37 (base 8) in base 14?
23
Convert -4 (base 13) to base 12.
-4
What is -67 (base 12) in base 13?
-61
1000 (base 4) to base 12
54
Convert -24 (base 6) to base 14.
-12
Convert 5 (base 11) to base 10.
5
What is 4c (base 13) in base 11?
59
-5 (base 11) to base 6
-5
Convert -115 (base 6) to base 11.
-43
What is 108 (base 14) in base 5?
1304
Convert -4 (base 10) to base 9.
-4
What is -2 (base 5) in base 13?
-2
-22 (base 8) to base 14
-14
32 (base 6) to base 2
10100
-d (base 14) to base 15
-d
What is 22 (base 4) in base 3?
101
Convert -11 (base 9) to base 15.
-a
What is 3 (base 12) in base 15?
3
Convert 2 (base 14) to base 4.
2
Convert 1 (base 15) to base 5.
1
Convert -1 (base 9) to base 16.
-1
Convert -c1 (base 13) to base 14.
-b3
Convert 99 (base 10) to base 13.
78
Convert 1001 (base 4) to base 8.
101
0 (base 4) to base 13
0
What is 7 (base 12) in base 2?
111
Convert 55 (base 15) to base 12.
68
What is 0 (base 5) in base 2?
0
Convert -3 (base 15) to base 2.
-11
-3 (base 8) to base 10
-3
What is -2 (base 9) in base 15?
-2
Convert 7 (base 8) to base 12.
7
What is -9 (base 16) in base 12?
-9
2 (base 6) to base 11
2
What is 0 (base 7) in base 11?
0
a (base 16) to base 10
10
Convert -232 (base 5) to base 4.
-1003
Convert -17 (base 11) to base 6.
-30
Convert -24 (base 10) to base 6.
-40
-148 (base 12) to base 3
-21102
a6 (base 11) to base 6
312
What is 2 (base 13) in base 9?
2
-101111101 (base 2) to base 11
-317
42 (base 14) to base 3
2011
Convert -2 (base 3) to base 10.
-2
What is -11 (base 14) in base 8?
-17
What is -14 (base 15) in base 4?
-103
Convert 10 (base 11) to base 7.
14
0 (base 3) to base 15
0
Convert 432 (base 6) to base 10.
164
1 (base 3) to base 2
1
250 (base 10) to base 13
163
7 (base 10) to base 6
11
What is 1 (base 16) in base 8?
1
-a4 (base 16) to base 11
-13a
What is 2 (base 16) in base 2?
10
Convert -4 (base 11) to base 8.
-4
What is -1 (base 2) in base 10?
-1
What is -5b (base 12) in base 9?
-78
-340 (base 5) to base 3
-10112
-1001 (base 3) to base 12
-24
What is -9 (base 10) in base 8?
-11
1 (base 2) to base 14
1
113 (base 15) to base 9
300
Convert 2010 (base 3) to base 2.
111001
What is -3 (base 5) in base 7?
-3
-60 (base 10) to base 5
-220
What is -3 (base 6) in base 8?
-3
What is 1 (base 8) in base 2?
1
What is -2 (base 9) in base 8?
-2
10001101 (base 2) to base 10
141
1 (base 2) to base 9
1
-3 (base 12) to base 4
-3
1010 (base 3) to base 6
50
What is 29 (base 12) in base 8?
41
Convert 4 (base 14) to base 6.
4
Convert 6 (base 16) to base 3.
20
Convert 18 (base 11) to base 14.
15
Convert -100111 (base 2) to base 4.
-213
Convert -168 (base 15) to base 13.
-1bb
8 (base 16) to base 13
8
-21201 (base 3) to base 12
-154
Convert 31 (base 10) to base 5.
111
What is -12b (base 14) in base 8?
-353
What is 37 (base 12) in base 14?
31
What is 312 (base 4) in base 6?
130
-b2 (base 16) to base 14
-ca
Convert -220 (base 3) to base 11.
-22
-21 (base 7) to base 12
-13
-5 (base 15) to base 16
-5
-252 (base 7) to base 6
-343
Convert -8 (base 9) to base 6.
-12
What is -10202 (base 3) in base 5?
-401
-a (base 13) to base 4
-22
-18 (base 11) to base 8
-23
Convert -b1 (base 14) to base 7.
-311
What is 4 (base 12) in base 11?
4
Convert 110 (base 3) to base 9.
13
120 (base 12) to base 2
10101000
What is 318 (base 10) in base 5?
2233
What is -14 (base 8) in base 15?
-c
What is 0 (base 5) in base 8?
0
Convert -1121 (base 3) to base 5.
-133
Convert -12 (base 3) to base 2.
-101
1 (base 14) to base 6
1
2 (base 10) to base 7
2
Convert -4 (base 6) to base 10.
-4
1 (base 7) to base 14
1
22 (base 6) to base 16
e
What is 20 (base 13) in base 12?
22
What is 11 (base 7) in base 2?
1000
What is 11c (base 16) in base 9?
345
Convert 45 (base 10) to base 15.
30
What is -b (base 13) in base 5?
-21
What is -7 (base 13) in base 7?
-10
Convert 1 (base 2) to base 12.
1
What is 2 (base 16) in base 5?
2
Convert 111 (base 2) to base 8.
7
Convert 20 (base 13) to base 16.
1a
Convert 333 (base 8) to base 10.
219
-524 (base 6) to base 13
-121
Convert -2 (base 16) to base 12.
-2
0 (base 16) to base 13
0
-18 (base 9) to base 2
-10001
111 (base 2) to base 11
7
Convert -344 (base 5) to base 8.
-143
Convert -15 (base 6) to base 14.
-b
What is 3b (base 15) in base 3?
2002
Convert a (base 13) to base 14.
a
-1 (base 15) to base 6
-1
What is -101 (base 2) in base 4?
-11
-2 (base 7) to base 8
-2
112 (base 6) to base 13
35
49 (base 16) to base 5
243
25 (base 16) to base 6
101
What is -15 (base 15) in base 8?
-24
-34 (base 11) to base 12
-31
-131 (base 4) to base 15
-1e
11 (base 14) to base 16
f
Convert 230 (base 4) to base 16.
2c
Convert a (base 13) to base 7.
13
Convert -24 (base 14) to base 6.
-52
Convert -1100001 (base 2) to base 6.
-241
What is 8 (base 12) in base 6?
12
Convert 18 (base 12) to base 3.
202
What is 55 (base 6) in base 5?
120
-2 (base 11) to base 7
-2
Convert -8 (base 11) to base 4.
-20
2 (base 7) to base 5
2
Convert 1 (base 2) to base 10.
1
Convert 0 (base 3) to base 6.
0
What is -4 (base 9) in base 14?
-4
What is -1 (base 8) in base 16?
-1
Convert -34 (base 6) to base 13.
-19
Convert 1000 (base 3) to base 2.
11011
Convert -bc (base 16) to base 10.
-188
-3 (base 13) to base 11
-3
What is 2010 (base 3) in base 2?
111001
What is -1 (base 9) in base 14?
-1
Convert 1 (base 3) to base 13.
1
-10 (base 3) to base 13
-3
What is 48 (base 12) in base 4?
320
Convert 112202 (base 3) to base 11.
332
1 (base 14) to base 10
1
Convert -3 (base 15) to base 4.
-3
Convert -11 (base 7) to base 15.
-8
What is 104 (base 11) in base 16?
7d
-1c (base 13) to base 15
-1a
0 (base 14) to base 15
0
What is 111 (base 2) in base 16?
7
4 (base 8) to base 9
4
What is -521 (base 6) in base 13?
-11b
-5 (base 10) to base 13
-5
44 (base 11) to base 16
30
What is 21 (base 3) in base 6?
11
Convert -15 (base 6) to base 16.
-b
-138 (base 11) to base 13
-c6
Convert -100 (base 3) to base 5.
-14
42 (base 5) to base 10
22
-1101101 (base 2) to base 7
-214
What is 0 (base 12) in base 11?
0
0 (base 7) to base 16
0
-223 (base 5) to base 14
-47
66 (base 8) to base 7
105
-220 (base 8) to base 16
-90
-2 (base 15) to base 4
-2
21 (base 4) to base 9
10
What is -15 (base 16) in base 15?
-16
Convert -102 (base 6) to base 7.
-53
-4 (base 16) to base 5
-4
Convert 6 (base 14) to base 10.
6
What is -120 (base 4) in base 9?
-26
What is 4 (base 12) in base 13?
4
Convert 33 (base 6) to base 15.
16
What is 0 (base 5) in base 6?
0
What is 1a1 (base 12) in base 13?
175
What is 2322 (base 4) in base 15?
c6
Convert 105 (base 10) to base 11.
96
What is -42 (base 14) in base 8?
-72
-c (base 16) to base 3
-110
What is 101 (base 2) in base 15?
5
-1 (base 2) to base 16
-1
Convert -2 (base 3) to base 7.
-2
What is -130 (base 7) in base 14?
-50
What is 10 (base 4) in base 2?
100
18 (base 15) to base 11
21
What is -2 (base 12) in base 16?
-2
Convert -2023 (base 4) to base 11.
-117
Convert -301 (base 